{"id":1946,"date":"2014-03-06T20:14:54","date_gmt":"2014-03-06T19:14:54","guid":{"rendered":"http:\/\/www.abracadavoix.org\/?page_id=1946"},"modified":"2023-11-30T13:21:27","modified_gmt":"2023-11-30T12:21:27","slug":"lassociation-2","status":"publish","type":"page","link":"https:\/\/www.abracadavoix.org\/?page_id=1946","title":{"rendered":"L&rsquo;association"},"content":{"rendered":"<p>L\u2019association <strong>Abracada\u2019VOIX !<\/strong> a \u00e9t\u00e9 cr\u00e9\u00e9e en mai 2011. Elle a pour objet de favoriser les pratiques vocales et th\u00e9\u00e2trales en travaillant l&rsquo;INTERPRETATION de chansons par la MISE en ESPACE et la THEATRALISATION des textes.<\/p>\n<p>Depuis 2018, <strong>Abracada\u2019VOIX !<\/strong> est devenue <a href=\"http:\/\/www.abracadavoix.org\/wp-content\/uploads\/2014\/03\/Logo-Falbalas.png\"><img loading=\"lazy\" decoding=\"async\" class=\"size-medium wp-image-6458 alignright\" src=\"http:\/\/www.abracadavoix.org\/wp-content\/uploads\/2014\/03\/Logo-Falbalas-273x300.png\" alt=\"\" width=\"273\" height=\"300\" srcset=\"https:\/\/www.abracadavoix.org\/wp-content\/uploads\/2014\/03\/Logo-Falbalas-273x300.png 273w, https:\/\/www.abracadavoix.org\/wp-content\/uploads\/2014\/03\/Logo-Falbalas.png 704w\" sizes=\"(max-width: 273px) 100vw, 273px\" \/><\/a><\/p>\n<p><span style=\"color: #ff0000;\"><em><strong>Les Falbalas, ensemble vocal et sc\u00e9nique<\/strong><\/em><\/span><\/p>\n<p>Dans ce cadre un <strong>ENSEMBLE\u00a0de FEMMES<\/strong> amateurs r\u00e9p\u00e8te depuis septembre 2011 :<\/p>\n<p style=\"text-align: center;\"><strong><em><br \/>\n<\/em><br \/>\n<\/strong><\/p>\n<p>L&rsquo;association organise \u00e9galement de mani\u00e8re ponctuelle des<strong> stages <\/strong>ou<strong> ateliers. <\/strong>Ceux ci sont annonc\u00e9s sur la page des actualit\u00e9s.<\/p>\n<p><strong>Contact<\/strong> :<\/p>\n<p style=\"padding-left: 30px;\"><strong>Pr\u00e9sidente<\/strong>\u00a0: Evelyne Peguet : 06 81 29 94 51<\/p>\n<p style=\"padding-left: 30px;\"><strong>Cheffe de choeur<\/strong> <strong>et directrice artistique<\/strong>: Marie Menand : 06 86 26 29 55<\/p>\n<p style=\"padding-left: 30px;\"><strong>Mail<\/strong> : abracadavoix@gmail.com<\/p>\n<p>L&rsquo;association est soutenue par la ville de Guyancourt :<img loading=\"lazy\" decoding=\"async\" class=\"alignright size-thumbnail wp-image-1873\" style=\"line-height: 24px;\" title=\"+LOGO Guyancourt 0 fond blanc\" src=\"http:\/\/www.abracadavoix.org\/wp-content\/uploads\/2012\/09\/+LOGO-Guyancourt-0-fond-blanc-150x150.jpg\" alt=\"\" width=\"150\" height=\"150\" \/><\/p>\n","protected":false},"excerpt":{"rendered":"<p>L\u2019association Abracada\u2019VOIX ! a \u00e9t\u00e9 cr\u00e9\u00e9e en mai 2011. Elle a pour objet de favoriser les pratiques vocales et th\u00e9\u00e2trales en travaillant l&rsquo;INTERPRETATION de chansons par la MISE en ESPACE et la THEATRALISATION des textes. Depuis 2018, Abracada\u2019VOIX ! est &hellip; <a href=\"https:\/\/www.abracadavoix.org\/?page_id=1946\">Continuer la lecture <span class=\"meta-nav\">&rarr;<\/span><\/a><\/p>\n","protected":false},"author":3,"featured_media":0,"parent":0,"menu_order":1,"comment_status":"closed","ping_status":"closed","template":"onecolumn-page.php","meta":{"om_disable_all_campaigns":false,"_monsterinsights_skip_tracking":false,"_monsterinsights_sitenote_active":false,"_monsterinsights_sitenote_note":"","_monsterinsights_sitenote_category":0,"footnotes":""},"aioseo_notices":[],"_links":{"self":[{"href":"https:\/\/www.abracadavoix.org\/index.php?rest_route=\/wp\/v2\/pages\/1946"}],"collection":[{"href":"https:\/\/www.abracadavoix.org\/index.php?rest_route=\/wp\/v2\/pages"}],"about":[{"href":"https:\/\/www.abracadavoix.org\/index.php?rest_route=\/wp\/v2\/types\/page"}],"author":[{"embeddable":true,"href":"https:\/\/www.abracadavoix.org\/index.php?rest_route=\/wp\/v2\/users\/3"}],"replies":[{"embeddable":true,"href":"https:\/\/www.abracadavoix.org\/index.php?rest_route=%2Fwp%2Fv2%2Fcomments&post=1946"}],"version-history":[{"count":27,"href":"https:\/\/www.abracadavoix.org\/index.php?rest_route=\/wp\/v2\/pages\/1946\/revisions"}],"predecessor-version":[{"id":8894,"href":"https:\/\/www.abracadavoix.org\/index.php?rest_route=\/wp\/v2\/pages\/1946\/revisions\/8894"}],"wp:attachment":[{"href":"https:\/\/www.abracadavoix.org\/index.php?rest_route=%2Fwp%2Fv2%2Fmedia&parent=1946"}],"curies":[{"name":"wp","href":"https:\/\/api.w.org\/{rel}","templated":true}]}}