{"id":342,"date":"2012-10-03T07:11:31","date_gmt":"2012-10-03T06:11:31","guid":{"rendered":"http:\/\/www.abracadavoix.org\/?page_id=342"},"modified":"2024-10-14T14:44:57","modified_gmt":"2024-10-14T13:44:57","slug":"les-falbalas-en-repetition-2","status":"publish","type":"page","link":"https:\/\/www.abracadavoix.org\/?page_id=342","title":{"rendered":"R\u00e9p\u00e9titions"},"content":{"rendered":"\n<p class=\"has-text-align-center\">Les Falbalas r\u00e9p\u00e8tent tous les mercredis soirs de 20h10 \u00e0 22h15 \u00e0 la Maison Auguste Renoir, 1 place Van Gogh \u00e0 GUYANCOURT ,&nbsp; plus un dimanche d&rsquo;int\u00e9gration en d\u00e9but d&rsquo;ann\u00e9e et quatre samedis apr\u00e8s-midi dans l&rsquo;ann\u00e9e.<\/p>\n\n\n<p><iframe loading=\"lazy\" title=\"Les Falbalas Rentr\u00e9e 2024\" width=\"640\" height=\"360\" src=\"https:\/\/www.youtube.com\/embed\/IbGbssIyhWE?feature=oembed\" frameborder=\"0\" allow=\"accelerometer; autoplay; clipboard-write; encrypted-media; gyroscope; picture-in-picture; web-share\" referrerpolicy=\"strict-origin-when-cross-origin\" allowfullscreen><\/iframe><\/p>\n\n\n\n<figure class=\"wp-block-gallery has-nested-images columns-4 is-cropped wp-block-gallery-1 is-layout-flex wp-block-gallery-is-layout-flex\">\n<figure class=\"wp-block-image size-large\"><img loading=\"lazy\" decoding=\"async\" width=\"1000\" height=\"667\" data-id=\"6756\" src=\"https:\/\/www.abracadavoix.org\/wp-content\/uploads\/2012\/10\/R\u00e9petitions-1.jpg\" alt=\"\" class=\"wp-image-6756\" srcset=\"https:\/\/www.abracadavoix.org\/wp-content\/uploads\/2012\/10\/R\u00e9petitions-1.jpg 1000w, https:\/\/www.abracadavoix.org\/wp-content\/uploads\/2012\/10\/R\u00e9petitions-1-300x200.jpg 300w, https:\/\/www.abracadavoix.org\/wp-content\/uploads\/2012\/10\/R\u00e9petitions-1-768x512.jpg 768w\" sizes=\"(max-width: 1000px) 100vw, 1000px\" \/><\/figure>\n\n\n\n<figure class=\"wp-block-image size-large\"><img loading=\"lazy\" decoding=\"async\" width=\"1000\" height=\"412\" data-id=\"6758\" src=\"https:\/\/www.abracadavoix.org\/wp-content\/uploads\/2012\/10\/R\u00e9petitions-3.jpg\" alt=\"\" class=\"wp-image-6758\" srcset=\"https:\/\/www.abracadavoix.org\/wp-content\/uploads\/2012\/10\/R\u00e9petitions-3.jpg 1000w, https:\/\/www.abracadavoix.org\/wp-content\/uploads\/2012\/10\/R\u00e9petitions-3-300x124.jpg 300w, https:\/\/www.abracadavoix.org\/wp-content\/uploads\/2012\/10\/R\u00e9petitions-3-768x316.jpg 768w\" sizes=\"(max-width: 1000px) 100vw, 1000px\" \/><\/figure>\n\n\n\n<figure class=\"wp-block-image size-large\"><img loading=\"lazy\" decoding=\"async\" width=\"1000\" height=\"750\" data-id=\"6759\" src=\"https:\/\/www.abracadavoix.org\/wp-content\/uploads\/2012\/10\/R\u00e9petitions-4.jpg\" alt=\"\" class=\"wp-image-6759\" srcset=\"https:\/\/www.abracadavoix.org\/wp-content\/uploads\/2012\/10\/R\u00e9petitions-4.jpg 1000w, https:\/\/www.abracadavoix.org\/wp-content\/uploads\/2012\/10\/R\u00e9petitions-4-300x225.jpg 300w, https:\/\/www.abracadavoix.org\/wp-content\/uploads\/2012\/10\/R\u00e9petitions-4-768x576.jpg 768w\" sizes=\"(max-width: 1000px) 100vw, 1000px\" \/><\/figure>\n\n\n\n<figure class=\"wp-block-image size-large\"><img loading=\"lazy\" decoding=\"async\" width=\"1000\" height=\"563\" data-id=\"6761\" src=\"https:\/\/www.abracadavoix.org\/wp-content\/uploads\/2012\/10\/R\u00e9petitions-5-e1602016764787.jpg\" alt=\"\" class=\"wp-image-6761\" srcset=\"https:\/\/www.abracadavoix.org\/wp-content\/uploads\/2012\/10\/R\u00e9petitions-5-e1602016764787.jpg 1000w, https:\/\/www.abracadavoix.org\/wp-content\/uploads\/2012\/10\/R\u00e9petitions-5-e1602016764787-300x169.jpg 300w, https:\/\/www.abracadavoix.org\/wp-content\/uploads\/2012\/10\/R\u00e9petitions-5-e1602016764787-768x432.jpg 768w\" sizes=\"(max-width: 1000px) 100vw, 1000px\" \/><\/figure>\n\n\n\n<figure class=\"wp-block-image size-large\"><img loading=\"lazy\" decoding=\"async\" width=\"1000\" height=\"750\" data-id=\"6762\" src=\"https:\/\/www.abracadavoix.org\/wp-content\/uploads\/2012\/10\/R\u00e9petitions-6.jpg\" alt=\"\" class=\"wp-image-6762\" srcset=\"https:\/\/www.abracadavoix.org\/wp-content\/uploads\/2012\/10\/R\u00e9petitions-6.jpg 1000w, https:\/\/www.abracadavoix.org\/wp-content\/uploads\/2012\/10\/R\u00e9petitions-6-300x225.jpg 300w, https:\/\/www.abracadavoix.org\/wp-content\/uploads\/2012\/10\/R\u00e9petitions-6-768x576.jpg 768w\" sizes=\"(max-width: 1000px) 100vw, 1000px\" \/><\/figure>\n\n\n\n<figure class=\"wp-block-image size-large\"><img loading=\"lazy\" decoding=\"async\" width=\"1000\" height=\"696\" data-id=\"6763\" src=\"https:\/\/www.abracadavoix.org\/wp-content\/uploads\/2012\/10\/R\u00e9petitions-7.jpg\" alt=\"\" class=\"wp-image-6763\" srcset=\"https:\/\/www.abracadavoix.org\/wp-content\/uploads\/2012\/10\/R\u00e9petitions-7.jpg 1000w, https:\/\/www.abracadavoix.org\/wp-content\/uploads\/2012\/10\/R\u00e9petitions-7-300x209.jpg 300w, https:\/\/www.abracadavoix.org\/wp-content\/uploads\/2012\/10\/R\u00e9petitions-7-768x535.jpg 768w\" sizes=\"(max-width: 1000px) 100vw, 1000px\" \/><\/figure>\n\n\n\n<figure class=\"wp-block-image size-large\"><img loading=\"lazy\" decoding=\"async\" width=\"1000\" height=\"728\" data-id=\"6764\" src=\"https:\/\/www.abracadavoix.org\/wp-content\/uploads\/2012\/10\/R\u00e9petitions-8.jpg\" alt=\"\" class=\"wp-image-6764\" srcset=\"https:\/\/www.abracadavoix.org\/wp-content\/uploads\/2012\/10\/R\u00e9petitions-8.jpg 1000w, https:\/\/www.abracadavoix.org\/wp-content\/uploads\/2012\/10\/R\u00e9petitions-8-300x218.jpg 300w, https:\/\/www.abracadavoix.org\/wp-content\/uploads\/2012\/10\/R\u00e9petitions-8-768x559.jpg 768w\" sizes=\"(max-width: 1000px) 100vw, 1000px\" \/><\/figure>\n\n\n\n<figure class=\"wp-block-image size-large\"><img loading=\"lazy\" decoding=\"async\" width=\"1000\" height=\"666\" data-id=\"6765\" src=\"https:\/\/www.abracadavoix.org\/wp-content\/uploads\/2012\/10\/R\u00e9petitions-9.jpg\" alt=\"\" class=\"wp-image-6765\" srcset=\"https:\/\/www.abracadavoix.org\/wp-content\/uploads\/2012\/10\/R\u00e9petitions-9.jpg 1000w, https:\/\/www.abracadavoix.org\/wp-content\/uploads\/2012\/10\/R\u00e9petitions-9-300x200.jpg 300w, https:\/\/www.abracadavoix.org\/wp-content\/uploads\/2012\/10\/R\u00e9petitions-9-768x511.jpg 768w\" sizes=\"(max-width: 1000px) 100vw, 1000px\" \/><\/figure>\n\n\n\n<figure class=\"wp-block-image size-large\"><img loading=\"lazy\" decoding=\"async\" width=\"1000\" height=\"666\" data-id=\"6766\" src=\"https:\/\/www.abracadavoix.org\/wp-content\/uploads\/2012\/10\/R\u00e9petitions-10.jpg\" alt=\"\" class=\"wp-image-6766\" srcset=\"https:\/\/www.abracadavoix.org\/wp-content\/uploads\/2012\/10\/R\u00e9petitions-10.jpg 1000w, https:\/\/www.abracadavoix.org\/wp-content\/uploads\/2012\/10\/R\u00e9petitions-10-300x200.jpg 300w, https:\/\/www.abracadavoix.org\/wp-content\/uploads\/2012\/10\/R\u00e9petitions-10-768x511.jpg 768w\" sizes=\"(max-width: 1000px) 100vw, 1000px\" \/><\/figure>\n\n\n\n<figure class=\"wp-block-image size-large\"><img loading=\"lazy\" decoding=\"async\" width=\"1000\" height=\"669\" data-id=\"6767\" src=\"https:\/\/www.abracadavoix.org\/wp-content\/uploads\/2012\/10\/R\u00e9petitions-11.jpg\" alt=\"\" class=\"wp-image-6767\" srcset=\"https:\/\/www.abracadavoix.org\/wp-content\/uploads\/2012\/10\/R\u00e9petitions-11.jpg 1000w, https:\/\/www.abracadavoix.org\/wp-content\/uploads\/2012\/10\/R\u00e9petitions-11-300x201.jpg 300w, https:\/\/www.abracadavoix.org\/wp-content\/uploads\/2012\/10\/R\u00e9petitions-11-768x514.jpg 768w\" sizes=\"(max-width: 1000px) 100vw, 1000px\" \/><\/figure>\n\n\n\n<figure class=\"wp-block-image size-large\"><img loading=\"lazy\" decoding=\"async\" width=\"1000\" height=\"406\" data-id=\"6768\" src=\"https:\/\/www.abracadavoix.org\/wp-content\/uploads\/2012\/10\/R\u00e9petitions-12.jpg\" alt=\"\" class=\"wp-image-6768\" srcset=\"https:\/\/www.abracadavoix.org\/wp-content\/uploads\/2012\/10\/R\u00e9petitions-12.jpg 1000w, https:\/\/www.abracadavoix.org\/wp-content\/uploads\/2012\/10\/R\u00e9petitions-12-300x122.jpg 300w, https:\/\/www.abracadavoix.org\/wp-content\/uploads\/2012\/10\/R\u00e9petitions-12-768x312.jpg 768w\" sizes=\"(max-width: 1000px) 100vw, 1000px\" \/><\/figure>\n\n\n\n<figure class=\"wp-block-image size-large\"><img loading=\"lazy\" decoding=\"async\" width=\"1000\" height=\"667\" data-id=\"6769\" src=\"https:\/\/www.abracadavoix.org\/wp-content\/uploads\/2012\/10\/R\u00e9petitions-13.jpg\" alt=\"\" class=\"wp-image-6769\" srcset=\"https:\/\/www.abracadavoix.org\/wp-content\/uploads\/2012\/10\/R\u00e9petitions-13.jpg 1000w, https:\/\/www.abracadavoix.org\/wp-content\/uploads\/2012\/10\/R\u00e9petitions-13-300x200.jpg 300w, https:\/\/www.abracadavoix.org\/wp-content\/uploads\/2012\/10\/R\u00e9petitions-13-768x512.jpg 768w\" sizes=\"(max-width: 1000px) 100vw, 1000px\" \/><\/figure>\n\n\n\n<figure class=\"wp-block-image size-large\"><img loading=\"lazy\" decoding=\"async\" width=\"1000\" height=\"513\" data-id=\"6770\" src=\"https:\/\/www.abracadavoix.org\/wp-content\/uploads\/2012\/10\/R\u00e9petitions-14.jpg\" alt=\"\" class=\"wp-image-6770\" srcset=\"https:\/\/www.abracadavoix.org\/wp-content\/uploads\/2012\/10\/R\u00e9petitions-14.jpg 1000w, https:\/\/www.abracadavoix.org\/wp-content\/uploads\/2012\/10\/R\u00e9petitions-14-300x154.jpg 300w, https:\/\/www.abracadavoix.org\/wp-content\/uploads\/2012\/10\/R\u00e9petitions-14-768x394.jpg 768w\" sizes=\"(max-width: 1000px) 100vw, 1000px\" \/><\/figure>\n\n\n\n<figure class=\"wp-block-image size-large\"><img loading=\"lazy\" decoding=\"async\" width=\"1000\" height=\"750\" data-id=\"6771\" src=\"https:\/\/www.abracadavoix.org\/wp-content\/uploads\/2012\/10\/R\u00e9petitions-15.jpg\" alt=\"\" class=\"wp-image-6771\" srcset=\"https:\/\/www.abracadavoix.org\/wp-content\/uploads\/2012\/10\/R\u00e9petitions-15.jpg 1000w, https:\/\/www.abracadavoix.org\/wp-content\/uploads\/2012\/10\/R\u00e9petitions-15-300x225.jpg 300w, https:\/\/www.abracadavoix.org\/wp-content\/uploads\/2012\/10\/R\u00e9petitions-15-768x576.jpg 768w\" sizes=\"(max-width: 1000px) 100vw, 1000px\" \/><\/figure>\n\n\n\n<figure class=\"wp-block-image size-large\"><img loading=\"lazy\" decoding=\"async\" width=\"1000\" height=\"667\" data-id=\"6772\" src=\"https:\/\/www.abracadavoix.org\/wp-content\/uploads\/2012\/10\/R\u00e9petitions-16.jpg\" alt=\"\" class=\"wp-image-6772\" srcset=\"https:\/\/www.abracadavoix.org\/wp-content\/uploads\/2012\/10\/R\u00e9petitions-16.jpg 1000w, https:\/\/www.abracadavoix.org\/wp-content\/uploads\/2012\/10\/R\u00e9petitions-16-300x200.jpg 300w, https:\/\/www.abracadavoix.org\/wp-content\/uploads\/2012\/10\/R\u00e9petitions-16-768x512.jpg 768w\" sizes=\"(max-width: 1000px) 100vw, 1000px\" \/><\/figure>\n\n\n\n<figure class=\"wp-block-image size-large\"><img loading=\"lazy\" decoding=\"async\" width=\"1000\" height=\"667\" data-id=\"6750\" src=\"https:\/\/www.abracadavoix.org\/wp-content\/uploads\/2014\/03\/IMG_8206.jpg\" alt=\"\" class=\"wp-image-6750\" srcset=\"https:\/\/www.abracadavoix.org\/wp-content\/uploads\/2014\/03\/IMG_8206.jpg 1000w, https:\/\/www.abracadavoix.org\/wp-content\/uploads\/2014\/03\/IMG_8206-300x200.jpg 300w, https:\/\/www.abracadavoix.org\/wp-content\/uploads\/2014\/03\/IMG_8206-768x512.jpg 768w\" sizes=\"(max-width: 1000px) 100vw, 1000px\" \/><\/figure>\n<\/figure>\n","protected":false},"excerpt":{"rendered":"<p>Les Falbalas r\u00e9p\u00e8tent tous les mercredis soirs de 20h10 \u00e0 22h15 \u00e0 la Maison Auguste Renoir, 1 place Van Gogh \u00e0 GUYANCOURT ,&nbsp; plus un dimanche d&rsquo;int\u00e9gration en d\u00e9but d&rsquo;ann\u00e9e et quatre samedis apr\u00e8s-midi dans l&rsquo;ann\u00e9e.<\/p>\n","protected":false},"author":1,"featured_media":0,"parent":2,"menu_order":0,"comment_status":"closed","ping_status":"open","template":"","meta":{"om_disable_all_campaigns":false,"_monsterinsights_skip_tracking":false,"_monsterinsights_sitenote_active":false,"_monsterinsights_sitenote_note":"","_monsterinsights_sitenote_category":0,"footnotes":""},"aioseo_notices":[],"_links":{"self":[{"href":"https:\/\/www.abracadavoix.org\/index.php?rest_route=\/wp\/v2\/pages\/342"}],"collection":[{"href":"https:\/\/www.abracadavoix.org\/index.php?rest_route=\/wp\/v2\/pages"}],"about":[{"href":"https:\/\/www.abracadavoix.org\/index.php?rest_route=\/wp\/v2\/types\/page"}],"author":[{"embeddable":true,"href":"https:\/\/www.abracadavoix.org\/index.php?rest_route=\/wp\/v2\/users\/1"}],"replies":[{"embeddable":true,"href":"https:\/\/www.abracadavoix.org\/index.php?rest_route=%2Fwp%2Fv2%2Fcomments&post=342"}],"version-history":[{"count":24,"href":"https:\/\/www.abracadavoix.org\/index.php?rest_route=\/wp\/v2\/pages\/342\/revisions"}],"predecessor-version":[{"id":9748,"href":"https:\/\/www.abracadavoix.org\/index.php?rest_route=\/wp\/v2\/pages\/342\/revisions\/9748"}],"up":[{"embeddable":true,"href":"https:\/\/www.abracadavoix.org\/index.php?rest_route=\/wp\/v2\/pages\/2"}],"wp:attachment":[{"href":"https:\/\/www.abracadavoix.org\/index.php?rest_route=%2Fwp%2Fv2%2Fmedia&parent=342"}],"curies":[{"name":"wp","href":"https:\/\/api.w.org\/{rel}","templated":true}]}}