{"id":9473,"date":"2024-06-02T21:21:14","date_gmt":"2024-06-02T20:21:14","guid":{"rendered":"https:\/\/www.abracadavoix.org\/?page_id=9473"},"modified":"2025-07-05T14:59:28","modified_gmt":"2025-07-05T13:59:28","slug":"2024-06-01-lamour-dans-tous-ses-etats","status":"publish","type":"page","link":"https:\/\/www.abracadavoix.org\/?page_id=9473","title":{"rendered":"2024-06-01 L&rsquo;Amour dans tous ses \u00e9tats"},"content":{"rendered":"\n<p>Au Scarab\u00e9e \u00e0 La Verri\u00e8re<\/p>\n\n\n\n<figure class=\"wp-block-image size-full\"><a href=\"https:\/\/www.abracadavoix.org\/wp-content\/uploads\/2024\/06\/Saluts.jpg\"><img loading=\"lazy\" decoding=\"async\" width=\"1000\" height=\"563\" src=\"https:\/\/www.abracadavoix.org\/wp-content\/uploads\/2024\/06\/Saluts.jpg\" alt=\"\" class=\"wp-image-9474\" srcset=\"https:\/\/www.abracadavoix.org\/wp-content\/uploads\/2024\/06\/Saluts.jpg 1000w, https:\/\/www.abracadavoix.org\/wp-content\/uploads\/2024\/06\/Saluts-300x169.jpg 300w, https:\/\/www.abracadavoix.org\/wp-content\/uploads\/2024\/06\/Saluts-768x432.jpg 768w\" sizes=\"(max-width: 1000px) 100vw, 1000px\" \/><\/a><\/figure>\n\n\n\n<figure class=\"wp-block-image size-full\"><a href=\"https:\/\/www.abracadavoix.org\/wp-content\/uploads\/2024\/06\/WhatsApp-Image-2024-06-02-a-21.58.51_60d51114.jpg\"><img loading=\"lazy\" decoding=\"async\" width=\"1000\" height=\"700\" src=\"https:\/\/www.abracadavoix.org\/wp-content\/uploads\/2024\/06\/WhatsApp-Image-2024-06-02-a-21.58.51_60d51114.jpg\" alt=\"\" class=\"wp-image-9482\" srcset=\"https:\/\/www.abracadavoix.org\/wp-content\/uploads\/2024\/06\/WhatsApp-Image-2024-06-02-a-21.58.51_60d51114.jpg 1000w, https:\/\/www.abracadavoix.org\/wp-content\/uploads\/2024\/06\/WhatsApp-Image-2024-06-02-a-21.58.51_60d51114-300x210.jpg 300w, https:\/\/www.abracadavoix.org\/wp-content\/uploads\/2024\/06\/WhatsApp-Image-2024-06-02-a-21.58.51_60d51114-768x538.jpg 768w\" sizes=\"(max-width: 1000px) 100vw, 1000px\" \/><\/a><\/figure>\n\n\n\n<figure class=\"wp-block-image size-full\"><a href=\"https:\/\/www.abracadavoix.org\/wp-content\/uploads\/2024\/06\/WhatsApp-Image-2024-06-02-a-21.52.12_f406b439.jpg\"><img loading=\"lazy\" decoding=\"async\" width=\"1000\" height=\"641\" src=\"https:\/\/www.abracadavoix.org\/wp-content\/uploads\/2024\/06\/WhatsApp-Image-2024-06-02-a-21.52.12_f406b439.jpg\" alt=\"\" class=\"wp-image-9481\" srcset=\"https:\/\/www.abracadavoix.org\/wp-content\/uploads\/2024\/06\/WhatsApp-Image-2024-06-02-a-21.52.12_f406b439.jpg 1000w, https:\/\/www.abracadavoix.org\/wp-content\/uploads\/2024\/06\/WhatsApp-Image-2024-06-02-a-21.52.12_f406b439-300x192.jpg 300w, https:\/\/www.abracadavoix.org\/wp-content\/uploads\/2024\/06\/WhatsApp-Image-2024-06-02-a-21.52.12_f406b439-768x492.jpg 768w\" sizes=\"(max-width: 1000px) 100vw, 1000px\" \/><\/a><\/figure>\n\n\n\n<figure class=\"wp-block-image size-full\"><a href=\"https:\/\/www.abracadavoix.org\/wp-content\/uploads\/2024\/06\/Parce-que.jpg\"><img loading=\"lazy\" decoding=\"async\" width=\"1000\" height=\"667\" src=\"https:\/\/www.abracadavoix.org\/wp-content\/uploads\/2024\/06\/Parce-que.jpg\" alt=\"\" class=\"wp-image-9480\" srcset=\"https:\/\/www.abracadavoix.org\/wp-content\/uploads\/2024\/06\/Parce-que.jpg 1000w, https:\/\/www.abracadavoix.org\/wp-content\/uploads\/2024\/06\/Parce-que-300x200.jpg 300w, https:\/\/www.abracadavoix.org\/wp-content\/uploads\/2024\/06\/Parce-que-768x512.jpg 768w\" sizes=\"(max-width: 1000px) 100vw, 1000px\" \/><\/a><\/figure>\n\n\n\n<figure class=\"wp-block-image size-full\"><a href=\"https:\/\/www.abracadavoix.org\/wp-content\/uploads\/2024\/06\/Matias.jpg\"><img loading=\"lazy\" decoding=\"async\" width=\"1000\" height=\"656\" src=\"https:\/\/www.abracadavoix.org\/wp-content\/uploads\/2024\/06\/Matias.jpg\" alt=\"\" class=\"wp-image-9479\" srcset=\"https:\/\/www.abracadavoix.org\/wp-content\/uploads\/2024\/06\/Matias.jpg 1000w, https:\/\/www.abracadavoix.org\/wp-content\/uploads\/2024\/06\/Matias-300x197.jpg 300w, https:\/\/www.abracadavoix.org\/wp-content\/uploads\/2024\/06\/Matias-768x504.jpg 768w\" sizes=\"(max-width: 1000px) 100vw, 1000px\" \/><\/a><\/figure>\n\n\n\n<figure class=\"wp-block-image size-full\"><a href=\"https:\/\/www.abracadavoix.org\/wp-content\/uploads\/2024\/06\/Jai-faim.jpg\"><img loading=\"lazy\" decoding=\"async\" width=\"1000\" height=\"711\" src=\"https:\/\/www.abracadavoix.org\/wp-content\/uploads\/2024\/06\/Jai-faim.jpg\" alt=\"\" class=\"wp-image-9478\" srcset=\"https:\/\/www.abracadavoix.org\/wp-content\/uploads\/2024\/06\/Jai-faim.jpg 1000w, https:\/\/www.abracadavoix.org\/wp-content\/uploads\/2024\/06\/Jai-faim-300x213.jpg 300w, https:\/\/www.abracadavoix.org\/wp-content\/uploads\/2024\/06\/Jai-faim-768x546.jpg 768w\" sizes=\"(max-width: 1000px) 100vw, 1000px\" \/><\/a><\/figure>\n\n\n\n<figure class=\"wp-block-image size-full\"><a href=\"https:\/\/www.abracadavoix.org\/wp-content\/uploads\/2024\/06\/Les-rates.jpg\"><img loading=\"lazy\" decoding=\"async\" width=\"1000\" height=\"578\" src=\"https:\/\/www.abracadavoix.org\/wp-content\/uploads\/2024\/06\/Les-rates.jpg\" alt=\"\" class=\"wp-image-9477\" srcset=\"https:\/\/www.abracadavoix.org\/wp-content\/uploads\/2024\/06\/Les-rates.jpg 1000w, https:\/\/www.abracadavoix.org\/wp-content\/uploads\/2024\/06\/Les-rates-300x173.jpg 300w, https:\/\/www.abracadavoix.org\/wp-content\/uploads\/2024\/06\/Les-rates-768x444.jpg 768w\" sizes=\"(max-width: 1000px) 100vw, 1000px\" \/><\/a><\/figure>\n\n\n\n<figure class=\"wp-block-image size-full\"><a href=\"https:\/\/www.abracadavoix.org\/wp-content\/uploads\/2024\/06\/La-solitude-1.jpg\"><img loading=\"lazy\" decoding=\"async\" width=\"1000\" height=\"543\" src=\"https:\/\/www.abracadavoix.org\/wp-content\/uploads\/2024\/06\/La-solitude-1.jpg\" alt=\"\" class=\"wp-image-9476\" srcset=\"https:\/\/www.abracadavoix.org\/wp-content\/uploads\/2024\/06\/La-solitude-1.jpg 1000w, https:\/\/www.abracadavoix.org\/wp-content\/uploads\/2024\/06\/La-solitude-1-300x163.jpg 300w, https:\/\/www.abracadavoix.org\/wp-content\/uploads\/2024\/06\/La-solitude-1-768x417.jpg 768w\" sizes=\"(max-width: 1000px) 100vw, 1000px\" \/><\/a><\/figure>\n\n\n\n<figure class=\"wp-block-image size-full\"><a href=\"https:\/\/www.abracadavoix.org\/wp-content\/uploads\/2024\/06\/Reves-dans-lherbe.jpg\"><img loading=\"lazy\" decoding=\"async\" width=\"1000\" height=\"563\" src=\"https:\/\/www.abracadavoix.org\/wp-content\/uploads\/2024\/06\/Reves-dans-lherbe.jpg\" alt=\"\" class=\"wp-image-9475\" srcset=\"https:\/\/www.abracadavoix.org\/wp-content\/uploads\/2024\/06\/Reves-dans-lherbe.jpg 1000w, https:\/\/www.abracadavoix.org\/wp-content\/uploads\/2024\/06\/Reves-dans-lherbe-300x169.jpg 300w, https:\/\/www.abracadavoix.org\/wp-content\/uploads\/2024\/06\/Reves-dans-lherbe-768x432.jpg 768w\" sizes=\"(max-width: 1000px) 100vw, 1000px\" \/><\/a><\/figure>\n","protected":false},"excerpt":{"rendered":"<p>Au Scarab\u00e9e \u00e0 La Verri\u00e8re<\/p>\n","protected":false},"author":3,"featured_media":0,"parent":925,"menu_order":2,"comment_status":"closed","ping_status":"closed","template":"","meta":{"om_disable_all_campaigns":false,"_monsterinsights_skip_tracking":false,"_monsterinsights_sitenote_active":false,"_monsterinsights_sitenote_note":"","_monsterinsights_sitenote_category":0,"footnotes":""},"aioseo_notices":[],"_links":{"self":[{"href":"https:\/\/www.abracadavoix.org\/index.php?rest_route=\/wp\/v2\/pages\/9473"}],"collection":[{"href":"https:\/\/www.abracadavoix.org\/index.php?rest_route=\/wp\/v2\/pages"}],"about":[{"href":"https:\/\/www.abracadavoix.org\/index.php?rest_route=\/wp\/v2\/types\/page"}],"author":[{"embeddable":true,"href":"https:\/\/www.abracadavoix.org\/index.php?rest_route=\/wp\/v2\/users\/3"}],"replies":[{"embeddable":true,"href":"https:\/\/www.abracadavoix.org\/index.php?rest_route=%2Fwp%2Fv2%2Fcomments&post=9473"}],"version-history":[{"count":1,"href":"https:\/\/www.abracadavoix.org\/index.php?rest_route=\/wp\/v2\/pages\/9473\/revisions"}],"predecessor-version":[{"id":9483,"href":"https:\/\/www.abracadavoix.org\/index.php?rest_route=\/wp\/v2\/pages\/9473\/revisions\/9483"}],"up":[{"embeddable":true,"href":"https:\/\/www.abracadavoix.org\/index.php?rest_route=\/wp\/v2\/pages\/925"}],"wp:attachment":[{"href":"https:\/\/www.abracadavoix.org\/index.php?rest_route=%2Fwp%2Fv2%2Fmedia&parent=9473"}],"curies":[{"name":"wp","href":"https:\/\/api.w.org\/{rel}","templated":true}]}}